e remainder when (-5 - o) + (-2 - 0) is divided by 25.
23
Suppose 5*h - j + 31 - 461 = 0, -5*j + 145 = 2*h. Calculate the remainder when 87 is divided by h.
2
Let s(d) = -75*d + 399. Suppose 76 = 5*a + 26. What is the remainder when s(4) is divided by a?
9
Let h(i) = -i**3 + 14*i**2 - 12*i - 14. Let g be h(13). Calculate the remainder when 4 is divided by g/(5/10) + 5.
1
Let g be 6/4*-6 + -3. Let n(o) = -o + 1. Let l(c) = -3*c - 5. Let p(f) = l(f) - 2*n(f). Calculate the remainder when 9 is divided by p(g).
4
Let y(k) = 2*k**2 - 7*k + 7. Suppose -71*q + 2224 = -48. What is the remainder when q is divided by y(5)?
10
Suppose 41 = 3*t + a, 4*t + 0*a = 2*a + 38. Let s(q) = -q**3 - 5*q**2 + 4*q - 5. Let x = -6 + 0. Calculate the remainder when t is divided by s(x).
5
Suppose 3*r + 814 = z, 5*r - 3761 - 269 = -5*z. Calculate the remainder when z is divided by 117.
106
Suppose 0*i + 5*i - 560 = 0. Let w = i - 42. Suppose u = -c + 32, 0*u + 2*u + 5*c = w. What is the remainder when u is divided by 11?
8
Suppose -35*d + 53*d - 432 = 0. Let v = -116 - -187. Calculate the remainder when v is divided by d.
23
Suppose -x + 15 = s - 29, -4*s + 2*x + 158 = 0. Calculate the remainder when s is divided by 5.
1
Suppose 74 = 8*h - 1934. Calculate the remainder when h is divided by 28.
27
What is the remainder when 31 is divided by ((-760)/(-200))/(2*2/20)?
12
Calculate the remainder when 314 is divided by 10 - (-6 + (2 - -4)).
4
Let q be (13 + -8)*(-3)/(-5). What is the remainder when 23 is divided by (q - -2)*((-2 - -5) + -2)?
3
Suppose 4*h = 15*h - 1276. Calculate the remainder when h is divided by 19.
2
Calculate the remainder when 500 is divided by (-176)/(-5) - 572/(-715).
32
What is the remainder when (-122)/(-10)*(-39 + 44) is divided by 7?
5
Let i = -22 - -21. Calculate the remainder when 57 is divided by (0 - -1)*i*-29.
28
Let i = 0 + 2. Let n be 2/4*0/i. Suppose 2*r = -4*t + r + 32, 3*t - r - 17 = n. What is the remainder when t is divided by 3?
1
Let p(r) = r**3 + 8*r**2 - r + 3. Let m be p(-8). Suppose -m + 8 = u. Calculate the remainder when 27 is divided by (-3)/((-18)/(-10))*u.
2
Let k = 14 + -11. Let x = -9 - -23. Calculate the remainder when x is divided by k/((-15)/(-10)) + 0 + 2.
2
What is the remainder when -185*(-5)/(-10)*(-36)/45 is divided by 27?
20
Let q(i) = i**3 + 10*i**2 + 8*i - 2. Let y be (-4)/(-6)*-3 + 18. Suppose 0 = 5*t - t - y. Calculate the remainder when q(-9) is divided by t.
3
Let c(r) be the first derivative of 7*r**2 - 5*r + 201. Suppose 4 = -4*l + 4*f, 2*l = -3*l - 2*f + 16. What is the remainder when c(l) is divided by 8?
7
Let d be (-1)/(2/(-34))*1. Suppose 4*g + 4*v - 2*v + 50 = 0, -5*g + 5*v = 40. Let h = d + g. Calculate the remainder when 9 is divided by h.
3
Let b = -13 - -14. Calculate the remainder when 16/b + -10 + 6 is divided by 4.
0
Let b = -385 + 394. What is the remainder when b is divided by 3?
0
Suppose 16 = 2*a + 18. Let k = 26 + a. Calculate the remainder when k is divided by -2*(11/(-2) + -1).
12
Suppose -10*z + 8 = -9*z. Let t(a) = -a**3 + 7*a**2 + 7*a + 18. Calculate the remainder when 69 is divided by t(z).
9
Let u(i) = -i**2 + 4*i + 3. Let b be u(2). Suppose 2*r + 2*q - 10 = 0, 2*r + q - b = 8. Calculate the remainder when 29 is divided by r.
9
Suppose 11*j - 570 = -27*j. What is the remainder when 218 is divided by j?
8
Let z(h) = 3*h - 22. Calculate the remainder when 14 is divided by z(10).
6
Let f(k) = -2*k. Let u(m) = 6*m**2 + 3*m - 3. Suppose 2*t + 3*h - 19 = 0, 2*t = -0*t + 3*h - 11. Calculate the remainder when u(t) is divided by f(-7).
13
Suppose 15 = -5*p + 85. Let b = p + 4. What is the remainder when 88 is divided by b?
16
Suppose 24 - 9 = -3*k. Calculate the remainder when (8/(-4) + k)*-1 is divided by 4.
3
Let v(t) = 3*t**3 - t**3 - 2 + 5 - t - 3*t**2 - 4*t. Let x be v(3). Suppose -2*q + x = -q. Calculate the remainder when 43 is divided by q.
13
Let c = -13 + 25. Calculate the remainder when 11/(3/9*1) is divided by c.
9
Let k be 0 + (6 + 2 - -4). Suppose 4 = -l + k. Calculate the remainder when 13 is divided by l.
5
Suppose -5*h = 7*h - 204. Calculate the remainder when (-266)/(-4) + (-1)/(-2) is divided by h.
16
Suppose 200*r - 193*r = 4074. Calculate the remainder when r is divided by 19.
12
Let q(r) = 95*r**3 + r**2 - 5*r + 3. Calculate the remainder when q(1) is divided by 14.
10
Let p = 72 - 61. Suppose -p*u = -12*u + 31. What is the remainder when 154 is divided by u?
30
Suppose 3*y + 3*d - 84 = 0, -3*y + 5*d = -0*d - 84. Calculate the remainder when y is divided by (32 + (-33 - 14))/(0 - 3).
3
Suppose 515 = r - 2*u, 0 = -r - 2*r - 3*u + 1590. Suppose 7*i + 1365 = -r. Let f = i + 385. Calculate the remainder when f is divided by 29.
28
Let x(f) be the first derivative of f**4/4 + 4*f**3/3 - 5*f**2/2 + 4*f + 3. Let q be x(-5). Calculate the remainder when -4 - (q - 3 - 25) is divided by 11.
9
Let p = 490 + -440. Calculate the remainder when p is divided by 20.
10
Calculate the remainder when 68 is divided by ((-55)/(-30))/(4/24).
2
Let n = 12 + -20. Let y(z) = -z**3 - 9*z**2 - 8*z + 1. Let k(i) = -i**3 - 3*i**2 + 1. Calculate the remainder when k(-3) is divided by y(n).
0
Suppose 8*x - 39 = 9*x. Let p = x - -43. Let o(h) = h**2 + 3*h + 4. Calculate the remainder when o(-5) is divided by p.
2
Let t(q) = -14*q + 4. Suppose 17*v - 16*v = 4. Let n be t(v). What is the remainder when 89 is divided by (n/(-6))/((-28)/(-42))?
11
Let y(n) = n**3 - 7*n**2 - 17*n - 10. Let v be y(10). Suppose 11*f + v = 19*f. Let w(h) = 27*h + 1. What is the remainder when w(2) is divided by f?
10
Let m(d) = 2*d**2 - 10*d + 9. Calculate the remainder when 482 is divided by m(6).
20
Suppose -188 + 60 = -8*m. Calculate the remainder when 69 is divided by m.
5
Let p(k) = k**3 - 12*k**2 - 6*k - 8. Let y = 10 + 11. Suppose -5*m + 4*m + y = 0. Calculate the remainder when p(13) is divided by m.
20
Suppose -l = -5*j + 472 - 1506, -2*j - l = 408. Let k = j - -491. What is the remainder when k is divided by 48?
45
What is the remainder when 20532/28 - 60/(-84) is divided by 92?
90
Let h(a) = a**3 - 3*a**2 - 364*a - 22. Calculate the remainder when h(-16) is divided by 20.
18
Let c = 698 - 687. Calculate the remainder when 32 is divided by c.
10
Let i = 461 + -445. What is the remainder when 127 is divided by i?
15
Calculate the remainder when (-75)/45 - -8 - 2/(-3) is divided by 1.
0
Suppose -n - 140 = -y + 4*y, 2*n = -2*y - 100. Let k = -25 - y. What is the remainder when 38 is divided by k?
18
Suppose -5*r - 73 = t - 3*r, 5*t - 4*r = -295. What is the remainder when 127 is divided by (-18)/t + 222/7?
31
Suppose 5*s + x - 2*x - 74 = 0, 3*x - 2 = -s. Calculate the remainder when s is divided by 9.
5
Suppose -135*b = -146*b + 44. Let w = -2 - -12. What is the remainder when w is divided by b?
2
Suppose 3*q - 2*m = -178, 2*q + 4*m = q - 50. Let x = 85 + q. Calculate the remainder when x is divided by 110/8 - (-1)/4.
13
Let n(w) = -11*w**3 - w**2 - 4*w + 3. Let a(k) = -11*k**3 - k**2 - 3*k + 2. Let x(i) = 3*a(i) - 2*n(i). Calculate the remainder when x(-1) is divided by 7.
4
Suppose -s = u - 0*u - 86, 0 = -s + 4*u + 66. Calculate the remainder when s is divided by 17.
14
Let k(y) be the third derivative of 5/8*y**4 - 7/3*y**3 + 0*y + 1/60*y**5 - 4*y**2 + 0. Calculate the remainder when 38 is divided by k(-17).
18
Let f(j) = -4*j. Suppose -1 = -5*t + 4. Let m(k) = 68*k**2 + k. Calculate the remainder when m(t) is divided by f(-6).
21
Let w = 69 + -1. Let f = -39 + w. Calculate the remainder when 1028/9 - ((-50)/18 - -3) is divided by f.
27
Let b(w) = w**2 + w - 1. Let g(k) = -k**3 + 4*k**2 - 2*k + 7. Let n(j) = 5*b(j) + g(j). Calculate the remainder when 113 is divided by n(9).
26
Let o(t) = -t**3 - 3*t**2 + 5*t + 15. What is the remainder when 478 is divided by o(-5)?
38
Suppose 3*k = -p + 5, -4*p + 0*k + 40 = 2*k. Calculate the remainder when 296/10*(p - 6) is divided by 25.
23
Let m be ((-84)/(-9) + -4)/(2/285). Suppose -m = -5*b - 0*b. What is the remainder when b is divided by 14?
12
Let a = 3 - -1. Let y(n) = 6*n - 10. What is the remainder when 52 is divided by y(a)?
10
Suppose 131*k - 128*k = 57. Let v(g) = g**3 - 20*g**2 + 18*g + 27. Calculate the remainder when 22 is divided by v(k).
6
Let f(n) = -n - 